 Let c be (2 + 4 - 2)/o. Suppose -5*x = -5, -2*f = -c*x + x - 9. Give g(f).
-6
Let k(y) = y + 5 - 2 + 2*y. Suppose -h - 3 + 0 = 0. What is k(h)?
-6
Let p(a) = -a**3 + a + 8. Let y = 5 - 6. Let k be (0*3/9)/y. Give p(k).
8
Let d(f) = f - 1. Let i be d(6). Suppose 4*z - i = 7. Suppose -3*q - 2*q - 27 = -z*s, 4*q - s + 23 = 0. Let t(j) = -j**3 - 5*j**2 + 5*j - 6. Calculate t(q).
0
Let u(o) be the third derivative of -o**5/40 - o**4/4 - o**3/6 - o**2. Let z(w) be the first derivative of u(w). Calculate z(-5).
9
Let q(y) = 2*y**2 - 1805*y + 4 - 4*y**2 + 1806*y. Calculate q(3).
-11
Let u(q) = q**3 + 3*q**2 - 5*q + 1. Suppose p + 5 = -2*v, -2*v + 2*p = -3*p + 23. Give u(v).
5
Let s(t) be the first derivative of t**3/3 + 4*t**2 + 7*t - 2. Let r = -3 - 4. Give s(r).
0
Suppose -5*p + 1 = -14. Let v(l) = l**3 + 3*l + 0*l + 3 - 5 + p + 5*l**2. Let y be 2/4 - (-9)/(-2). Calculate v(y).
5
Let c(x) = 16*x**3 + 2*x**2 + 4*x - 4. Let v(g) be the first derivative of 4*g**4 + g**3/3 + 3*g**2/2 - 3*g - 2. Let f(p) = 2*c(p) - 3*v(p). Determine f(1).
-15
Suppose -a - 4 + 12 = -3*v, 2*a - 5*v - 15 = 0. Let o(k) = -k**2 + 7*k - 7. Give o(a).
3
Let d(x) = x**2 - 1 + 3*x + x - 2*x. What is d(2)?
7
Suppose -1 = -4*f + 3*f. Let w(q) = -12*q - 1. Give w(f).
-13
Let f(o) = 2*o - 1. Let b(v) = -4*v + 3. Suppose n - 7 = -g + 4*n, 4*g - 41 = -n. Let x(a) = g*f(a) + 4*b(a). Calculate x(-2).
-6
Let m(c) = -7 + 4*c**2 + 2 + 1 - c**3 - c - 4*c. Calculate m(4).
-24
Suppose -5 + 17 = -3*j. Let u(a) = -7*a**2 - 4*a - 4. Let o(b) = b**2. Let l(k) = 6*o(k) + u(k). Determine l(j).
-4
Let x(j) = 5*j**3 + 8*j**2 - 4*j - 5. Let u = -21 + 8. Let f(y) = -11*y**3 - 17*y**2 + 9*y + 11. Let k(r) = u*x(r) - 6*f(r). Give k(-1).
-2
Let n = 2 - -3. Let m(k) = 2*k**3 + k**3 + 5 - k**3 + 2*k - 8*k**2 - k**3. Let c(v) = 3*v**3 - 23*v**2 + 5*v + 14. Let u(o) = 3*c(o) - 8*m(o). Give u(n).
-3
Let v(a) = a**2 + a + 7. Let w be 20/(-70) - (-60)/14. Suppose w*g = 8 + 8. Suppose 10 = 5*z + 5*i, g - 6 = 3*z - i. Calculate v(z).
7
Let h(b) be the third derivative of -4*b**5/15 - 16*b**2. What is h(-1)?
-16
Let j(q) = -10*q**2 - q - 2. Let w(f) = -11*f**2 - f - 3. Let y(i) = -3*j(i) + 2*w(i). What is y(-1)?
7
Let z(b) = 1 - 73*b**3 + b**2 + 81*b**3 - 3*b**2. What is z(1)?
7
Let p(h) = -h**2 - 5*h + 2. Suppose 5*v - 33 = -3. Suppose -v*l - 24 = 12. Give p(l).
-4
Let h(r) = -3*r**2 - 1 + r + 0*r**2 + 11*r**2 - 2*r. Calculate h(-1).
8
Let k(t) = t**2 + 3. Let m(y) = -y**2 - 7*y + 60. Let d be m(5). Calculate k(d).
3
Let t(u) be the first derivative of -u**3/3 + 2*u**2 + 4*u + 1. Let b = -2 + 6. Give t(b).
4
Let r(o) = -3*o. Let b(j) = 2*j - 1. Let z(f) = 6*b(f) + 5*r(f). What is z(-4)?
6
Let u be 1/(-3) + 40/(-60). Let z(a) = -3*a**3 + 2*a**2 + 1. Let y(x) = 3*x**3 - 3*x**2 - 1. Let b(m) = -3*y(m) - 4*z(m). Determine b(u).
-3
Let f be (-6 - (-3 + 0))*-1. Let n(b) = -b**3 + 2*b**2 + 1. Calculate n(f).
-8
Suppose -2*t + 7 = -7. Suppose -4 = d - t. Let r(f) = -f + 7. Calculate r(d).
4
Let w(d) = d**2 - 8*d + 1. Let r(l) = l**2 + 21*l + 9. Let v be r(-21). Calculate w(v).
10
Let d = 3 - 1. Let w be 0*(d - (-3)/(-2)). Let c(t) = 4*t**3 + 4*t - 7. Let h(n) = -5*n**3 - 5*n + 8. Let l(p) = -4*c(p) - 3*h(p). Determine l(w).
4
Suppose -5*a = -17 - 3. Let z = -6 + a. Let x(w) be the third derivative of -w**6/120 - w**5/30 + w**4/24 + w**3/3 - 2*w**2. Give x(z).
0
Let i(l) be the first derivative of l**4/4 - 7*l**3/3 + 2*l - 6. Determine i(7).
2
Let i be (-2)/4*1*-28. Let j be 4/5*(-35)/i. Let f(z) be the third derivative of -z**6/120 - z**5/60 + z**4/8 + z**3/6 + z**2. Give f(j).
-1
Let r = -509/20 - -51/2. Let j(t) be the second derivative of -t + r*t**5 + 0 + 5/12*t**4 + t**3 + t**2. What is j(-4)?
-6
Let h(b) be the third derivative of b**4/24 - 5*b**3/6 + 3*b**2. Give h(-6).
-11
Let d(q) be the second derivative of q**4/12 - 2*q**3/3 + 3*q**2/2 - 2*q. Let z be (2/(-2))/((-1)/(-2)). Let k = z + 4. What is d(k)?
-1
Let b(w) = -w**3 + w**2 + w. Let o(r) = 2*r**2 - 6*r**3 + r**2 + 8*r + 0*r**3 + 1. Let q(h) = 5*b(h) - o(h). Suppose -4*f = -3*f + 3. What is q(f)?
-1
Let i(w) = -w**2 - w. Let l = -28 - -30. Give i(l).
-6
Let a(u) = -u**2 - 1. Suppose -3*z + 55 = -80. Suppose 4*m - 3*l - 18 = -l, 5*l - z = -5*m. Suppose 0 = y + y + m. What is a(y)?
-10
Let r(w) = -w**2 + w - 5. Let n(g) = -g**2 - 5. Let z(d) = 4*n(d) - 3*r(d). Calculate z(-4).
-9
Let x(t) = t. Let d = 16 + -10. Suppose 0*l - 2*n = -2*l - d, 0 = -2*n - 4. Give x(l).
-5
Let d(t) = 2*t**2 + 1 - t + 2 - t**3 - 2. Calculate d(3).
-11
Let n(s) = 3*s**3 - 12*s**2 + 5*s - 9. Let k(t) be the first derivative of -t**4/4 + 4*t**3/3 - t**2 + 3*t + 1. Let d(z) = 8*k(z) + 3*n(z). Give d(4).
-7
Let x(j) = j**3 + 5*j**2 + 3*j - 3. Let r be x(-3). Suppose -p - 2*p + r = 0. Suppose -3*h = -i + p, 4*i - 4*h + 2*h = -2. Let a(c) = -2*c**2. Give a(i).
-2
Let b(a) = 197 - 3*a + 6*a - 196. Let w(x) = x**2 + 4*x. Let v(k) = -3*b(k) + 2*w(k). Calculate v(3).
12
Let p(u) = u**3 + 0*u + 2 - u - 39*u**2 + 80*u**2 - 42*u**2. Determine p(2).
4
Let p(u) = u**3 + 7*u**2 + 5*u. Let x(b) be the second derivative of -b**4/12 + 5*b**3/3 - 3*b**2 - 2*b. Let z be x(10). What is p(z)?
6
Let g(i) = -i**2 + 3*i + 3. Let a be 266/(-57)*12/(-14). Determine g(a).
-1
Let d(u) be the third derivative of -7*u**2 + 5/24*u**4 + 0 + 1/120*u**6 + 0*u + 1/10*u**5 + u**3. Determine d(-5).
6
Let u(t) = t**3 + 8*t**2 + 8*t + 9. Let f be u(-7). Let x(y) = -y**3 + y**2 + 2*y. Let v be x(f). Let b(g) = -7*g - 6*g**2 + 8*g + 7*g**2. Give b(v).
0
Let a(z) = -3*z - z**2 - z - z. Let s(p) = -p**2 + 1. Let l(y) = a(y) - 2*s(y). What is l(4)?
-6
Let m(v) = -v**2 - 3*v - 5. Suppose 0 = 3*n - n + 10. Give m(n).
-15
Let o(r) = -5*r**2 - 10*r + 23. Let z(k) = 3*k**2 + 7*k - 15. Let g(u) = 5*o(u) + 8*z(u). Calculate g(4).
3
Let u(g) = g - 5. Let l be u(2). Let r(o) = 3*o + 1. What is r(l)?
-8
Let n(b) be the second derivative of b**4/4 - b**3/3 + 6*b**2 - 3*b. Let x(j) = -j**2 + j - 4. Let z(d) = 6*n(d) + 17*x(d). Give z(-4).
0
Let b(r) = -5*r - 3. Let s(g) = g + 1. Let z(h) = 2*b(h) + 9*s(h). Let d(w) = -w + 4. Let u(f) = 3*d(f) - 4*z(f). Determine u(2).
2
Let s(t) = t**3 - 6*t**2 - 12*t + 13. Let d(j) = 4*j**3 - 23*j**2 - 49*j + 52. Let i(w) = 2*d(w) - 9*s(w). What is i(9)?
-4
Let c(m) = 12*m + 4 + 16*m - 34*m. What is c(4)?
-20
Let p be (5 + -2)/(6/(-4)). Let d(j) = -14*j + 5. Let q(a) = -9*a**2 + 1. Let l be q(-1). Let c(r) = 5*r - 2. Let n(x) = l*c(x) - 3*d(x). What is n(p)?
-3
Let n(i) = -5*i - 7. Let u(d) = d + 1. Let q(m) = 2*n(m) + 14*u(m). What is q(-5)?
-20
Let x(i) = i**2 + 6*i - 6. Let o(f) = 2*f**2 + 18*f - 17. Let n(w) = -3*o(w) + 8*x(w). Let y(p) be the first derivative of n(p). Calculate y(5).
14
Suppose -2*u = -5 - 11. Let y be (-1 - (1 - -1)) + u. Let i(z) = z**3 - 4*z**2 - 7*z + 4. Determine i(y).
-6
Let w(v) = -4*v**2 - v**2 - 6 + 4*v**2. Suppose 0*b + 2*b = 0. Calculate w(b).
-6
Let g(f) be the first derivative of -f**4/12 - 2*f**3/3 + 7*f**2/2 - 2*f - 2. Let p(v) be the first derivative of g(v). Give p(-6).
-5
Suppose -15 = -3*t - 0*t. Suppose 16 = t*w - 4. Let p(j) = -11*j - j**3 + 3 + 1 + 9*j - 2*j**2 + 6*j**2. Determine p(w).
-4
Let r = -17 - -23. Suppose 4*t - 8 - 4 = 0. Suppose t*w = r + 9. Let b(z) = -z - 2. Give b(w).
-7
Let a be 54/15 - 2/(-5). Suppose 0 = -l + 4*i - a + 2, -4*l = -2*i - 34. Suppose -5*p = 0, 0 = -3*g + 5*p - l*p - 6. Let f(h) = 3*h + 1. Calculate f(g).
-5
Let r(s) = s**3 + s**2. Suppose 0 = 4*h - 4*n - 14 - 26, 3*h = -2*n + 50. Let l = 13 - h. Give r(l).
0
Let z(q) = q**2 + 3*q - 2. Let n = -109 + 105. Give z(n).
2
Let o(g) = -15*g**2 - 2*g + 1. Suppose 0 = 4*h - 18 + 14. Calculate o(h).
-16
Suppose -5*y = -9 - 1. Let h(d) = -2*d**2 + 8*d + 5*d**2 + 0*d**2 - y*d**2 + 10. Determine h(-7).
3
Let r = 0 - -2. Let m(p) = -p**2 + 3*p - 2. Determine m(r).
0
Suppose 5*t = 4*p - 13, 4*p - 3 - 5 = 0. Let m(s) = 15*s**2 - s. Give m(t).
16
Let g(p) be the third derivative of -5*p**2 - 7/6*p**3 + 1/24*p**4 + 0 + 0*p. Determine g(4).
-3
Let k(x) = -x**2 + x - 5. Suppose 0 = 2*f + 2*f + 2*d + 34, 0 = 2*f + 3*d + 19. Let w = -84 - -86. Let u be 4/f - (-1)/w. What is k(u)?
-5
Let y(h) = -5*h**3 + h**2 - 3*h - 17. Let o(m) = 2*m**3 - m**2 + m + 8. Let k(c) = 9*o(c) + 4*y(c). Calculate k(-3).
